{"id":189,"date":"2026-03-08T14:51:24","date_gmt":"2026-03-08T14:51:24","guid":{"rendered":"https:\/\/tcgn.store\/?page_id=189"},"modified":"2026-03-08T14:51:25","modified_gmt":"2026-03-08T14:51:25","slug":"formy-i-koszt-dostawy","status":"publish","type":"page","link":"https:\/\/tcgn.store\/?page_id=189","title":{"rendered":"Formy i koszt dostawy"},"content":{"rendered":"\n<p>Koszt dostawy zale\u017cy od wybranej formy dostawy oraz liczby zam\u00f3wionych produkt\u00f3w (zam\u00f3wienia, kt\u00f3re musz\u0105 by\u0107 rodzielone na kilka paczek):<\/p>\n\n\n\n<figure class=\"wp-block-table\"><table class=\"has-fixed-layout\"><tbody><tr><td><strong>Forma dostawy<\/strong><\/td><td><strong>Koszt dostawy brutto [PLN]<\/strong><\/td><\/tr><tr><td>Paczkomat\u00ae InPost (wszystkie gabaryty)<\/td><td>18,99<\/td><\/tr><tr><td>Kurier InPost<\/td><td>20,99<\/td><\/tr><\/tbody><\/table><\/figure>\n\n\n\n<p>Nasze przesy\u0142ki s\u0105 zawsze starannie zabezpieczone przed uszkodzeniem, wi\u0119c nie musisz si\u0119 obawia\u0107 o stan zam\u00f3wionych produkt\u00f3w!<\/p>\n\n\n\n<p>Zamkni\u0119ty obieg. Dbamy o to, aby nie generowa\u0107 du\u017cej ilo\u015bci odpad\u00f3w, w zwi\u0105zku z tym, staramy si\u0119 ponownie wykorzystywa\u0107 niekt\u00f3re kartony oraz wype\u0142nienia paczek.<\/p>\n\n\n\n<p>Infomracje o czasie realizacji zam\u00f3wienia znajdziesz <a href=\"https:\/\/tcgn.store\/?page_id=194\">tutaj<\/a>.<\/p>\n\n\n\n<p><\/p>\n","protected":false},"excerpt":{"rendered":"<p>Koszt dostawy zale\u017cy od wybranej formy dostawy oraz liczby zam\u00f3wionych produkt\u00f3w (zam\u00f3wienia, kt\u00f3re musz\u0105 by\u0107 rodzielone na kilka paczek): Forma dostawy Koszt dostawy brutto [PLN] Paczkomat\u00ae InPost (wszystkie gabaryty) 18,99 Kurier InPost 20,99 Nasze przesy\u0142ki s\u0105 zawsze starannie zabezpieczone przed uszkodzeniem, wi\u0119c nie musisz si\u0119 obawia\u0107 o stan zam\u00f3wionych produkt\u00f3w! Zamkni\u0119ty obieg. Dbamy o to, [&hellip;]<\/p>\n","protected":false},"author":1,"featured_media":0,"parent":21,"menu_order":0,"comment_status":"closed","ping_status":"closed","template":"","meta":{"_themeisle_gutenberg_block_has_review":false,"footnotes":""},"class_list":["post-189","page","type-page","status-publish","hentry"],"blocksy_meta":[],"yoast_head":"<!-- This site is optimized with the Yoast SEO plugin v27.4 - https:\/\/yoast.com\/product\/yoast-seo-wordpress\/ -->\n<title>Formy i koszt dostawy - TCGN Store<\/title>\n<meta name=\"robots\" content=\"index, follow, max-snippet:-1, max-image-preview:large, max-video-preview:-1\" \/>\n<link rel=\"canonical\" href=\"https:\/\/tcgn.store\/?page_id=189\" \/>\n<meta property=\"og:locale\" content=\"pl_PL\" \/>\n<meta property=\"og:type\" content=\"article\" \/>\n<meta property=\"og:title\" content=\"Formy i koszt dostawy - TCGN Store\" \/>\n<meta property=\"og:description\" content=\"Koszt dostawy zale\u017cy od wybranej formy dostawy oraz liczby zam\u00f3wionych produkt\u00f3w (zam\u00f3wienia, kt\u00f3re musz\u0105 by\u0107 rodzielone na kilka paczek): Forma dostawy Koszt dostawy brutto [PLN] Paczkomat\u00ae InPost (wszystkie gabaryty) 18,99 Kurier InPost 20,99 Nasze przesy\u0142ki s\u0105 zawsze starannie zabezpieczone przed uszkodzeniem, wi\u0119c nie musisz si\u0119 obawia\u0107 o stan zam\u00f3wionych produkt\u00f3w! Zamkni\u0119ty obieg. Dbamy o to, [&hellip;]\" \/>\n<meta property=\"og:url\" content=\"https:\/\/tcgn.store\/?page_id=189\" \/>\n<meta property=\"og:site_name\" content=\"TCGN Store\" \/>\n<meta property=\"article:modified_time\" content=\"2026-03-08T14:51:25+00:00\" \/>\n<meta name=\"twitter:card\" content=\"summary_large_image\" \/>\n<meta name=\"twitter:label1\" content=\"Szacowany czas czytania\" \/>\n\t<meta name=\"twitter:data1\" content=\"1 minuta\" \/>\n<script type=\"application\/ld+json\" class=\"yoast-schema-graph\">{\"@context\":\"https:\\\/\\\/schema.org\",\"@graph\":[{\"@type\":\"WebPage\",\"@id\":\"https:\\\/\\\/tcgn.store\\\/?page_id=189\",\"url\":\"https:\\\/\\\/tcgn.store\\\/?page_id=189\",\"name\":\"Formy i koszt dostawy - TCGN Store\",\"isPartOf\":{\"@id\":\"https:\\\/\\\/tcgn.store\\\/#website\"},\"datePublished\":\"2026-03-08T14:51:24+00:00\",\"dateModified\":\"2026-03-08T14:51:25+00:00\",\"breadcrumb\":{\"@id\":\"https:\\\/\\\/tcgn.store\\\/?page_id=189#breadcrumb\"},\"inLanguage\":\"pl-PL\",\"potentialAction\":[{\"@type\":\"ReadAction\",\"target\":[\"https:\\\/\\\/tcgn.store\\\/?page_id=189\"]}]},{\"@type\":\"BreadcrumbList\",\"@id\":\"https:\\\/\\\/tcgn.store\\\/?page_id=189#breadcrumb\",\"itemListElement\":[{\"@type\":\"ListItem\",\"position\":1,\"name\":\"Strona g\u0142\u00f3wna\",\"item\":\"https:\\\/\\\/tcgn.store\\\/\"},{\"@type\":\"ListItem\",\"position\":2,\"name\":\"Sklep\",\"item\":\"https:\\\/\\\/tcgn.store\\\/?page_id=21\"},{\"@type\":\"ListItem\",\"position\":3,\"name\":\"Formy i koszt dostawy\"}]},{\"@type\":\"WebSite\",\"@id\":\"https:\\\/\\\/tcgn.store\\\/#website\",\"url\":\"https:\\\/\\\/tcgn.store\\\/\",\"name\":\"TCGN Store\",\"description\":\"Oficjalny sklep TCGN\",\"potentialAction\":[{\"@type\":\"SearchAction\",\"target\":{\"@type\":\"EntryPoint\",\"urlTemplate\":\"https:\\\/\\\/tcgn.store\\\/?s={search_term_string}\"},\"query-input\":{\"@type\":\"PropertyValueSpecification\",\"valueRequired\":true,\"valueName\":\"search_term_string\"}}],\"inLanguage\":\"pl-PL\"}]}<\/script>\n<!-- \/ Yoast SEO plugin. -->","yoast_head_json":{"title":"Formy i koszt dostawy - TCGN Store","robots":{"index":"index","follow":"follow","max-snippet":"max-snippet:-1","max-image-preview":"max-image-preview:large","max-video-preview":"max-video-preview:-1"},"canonical":"https:\/\/tcgn.store\/?page_id=189","og_locale":"pl_PL","og_type":"article","og_title":"Formy i koszt dostawy - TCGN Store","og_description":"Koszt dostawy zale\u017cy od wybranej formy dostawy oraz liczby zam\u00f3wionych produkt\u00f3w (zam\u00f3wienia, kt\u00f3re musz\u0105 by\u0107 rodzielone na kilka paczek): Forma dostawy Koszt dostawy brutto [PLN] Paczkomat\u00ae InPost (wszystkie gabaryty) 18,99 Kurier InPost 20,99 Nasze przesy\u0142ki s\u0105 zawsze starannie zabezpieczone przed uszkodzeniem, wi\u0119c nie musisz si\u0119 obawia\u0107 o stan zam\u00f3wionych produkt\u00f3w! Zamkni\u0119ty obieg. Dbamy o to, [&hellip;]","og_url":"https:\/\/tcgn.store\/?page_id=189","og_site_name":"TCGN Store","article_modified_time":"2026-03-08T14:51:25+00:00","twitter_card":"summary_large_image","twitter_misc":{"Szacowany czas czytania":"1 minuta"},"schema":{"@context":"https:\/\/schema.org","@graph":[{"@type":"WebPage","@id":"https:\/\/tcgn.store\/?page_id=189","url":"https:\/\/tcgn.store\/?page_id=189","name":"Formy i koszt dostawy - TCGN Store","isPartOf":{"@id":"https:\/\/tcgn.store\/#website"},"datePublished":"2026-03-08T14:51:24+00:00","dateModified":"2026-03-08T14:51:25+00:00","breadcrumb":{"@id":"https:\/\/tcgn.store\/?page_id=189#breadcrumb"},"inLanguage":"pl-PL","potentialAction":[{"@type":"ReadAction","target":["https:\/\/tcgn.store\/?page_id=189"]}]},{"@type":"BreadcrumbList","@id":"https:\/\/tcgn.store\/?page_id=189#breadcrumb","itemListElement":[{"@type":"ListItem","position":1,"name":"Strona g\u0142\u00f3wna","item":"https:\/\/tcgn.store\/"},{"@type":"ListItem","position":2,"name":"Sklep","item":"https:\/\/tcgn.store\/?page_id=21"},{"@type":"ListItem","position":3,"name":"Formy i koszt dostawy"}]},{"@type":"WebSite","@id":"https:\/\/tcgn.store\/#website","url":"https:\/\/tcgn.store\/","name":"TCGN Store","description":"Oficjalny sklep TCGN","potentialAction":[{"@type":"SearchAction","target":{"@type":"EntryPoint","urlTemplate":"https:\/\/tcgn.store\/?s={search_term_string}"},"query-input":{"@type":"PropertyValueSpecification","valueRequired":true,"valueName":"search_term_string"}}],"inLanguage":"pl-PL"}]}},"_hostinger_reach_plugin_has_subscription_block":false,"_hostinger_reach_plugin_is_elementor":false,"jetpack_sharing_enabled":true,"_links":{"self":[{"href":"https:\/\/tcgn.store\/index.php?rest_route=\/wp\/v2\/pages\/189","targetHints":{"allow":["GET"]}}],"collection":[{"href":"https:\/\/tcgn.store\/index.php?rest_route=\/wp\/v2\/pages"}],"about":[{"href":"https:\/\/tcgn.store\/index.php?rest_route=\/wp\/v2\/types\/page"}],"author":[{"embeddable":true,"href":"https:\/\/tcgn.store\/index.php?rest_route=\/wp\/v2\/users\/1"}],"replies":[{"embeddable":true,"href":"https:\/\/tcgn.store\/index.php?rest_route=%2Fwp%2Fv2%2Fcomments&post=189"}],"version-history":[{"count":2,"href":"https:\/\/tcgn.store\/index.php?rest_route=\/wp\/v2\/pages\/189\/revisions"}],"predecessor-version":[{"id":223,"href":"https:\/\/tcgn.store\/index.php?rest_route=\/wp\/v2\/pages\/189\/revisions\/223"}],"up":[{"embeddable":true,"href":"https:\/\/tcgn.store\/index.php?rest_route=\/wp\/v2\/pages\/21"}],"wp:attachment":[{"href":"https:\/\/tcgn.store\/index.php?rest_route=%2Fwp%2Fv2%2Fmedia&parent=189"}],"curies":[{"name":"wp","href":"https:\/\/api.w.org\/{rel}","templated":true}]}}