{"id":233,"date":"2026-03-14T13:18:10","date_gmt":"2026-03-14T13:18:10","guid":{"rendered":"https:\/\/tcgn.store\/?post_type=product&#038;p=233"},"modified":"2026-04-14T13:34:37","modified_gmt":"2026-04-14T13:34:37","slug":"brilliant-stars-booster-en","status":"publish","type":"product","link":"https:\/\/tcgn.store\/?product=brilliant-stars-booster-en","title":{"rendered":"Brilliant Stars Booster (EN)"},"content":{"rendered":"<p>Booster Pok\u00e9mon z dodatku Sword &amp; Shield &#8211; Brilliant Stars.<\/p>\n<p>Zawarto\u015b\u0107 paczki:<\/p>\n<ul>\n<li>Ka\u017cdy booster zawiera 10 losowych kart z setu Brilliant Stars oraz kod do gry Pok\u00e9mon TCG Online.<\/li>\n<\/ul>\n","protected":false},"excerpt":{"rendered":"<p>Booster Pok\u00e9mon z dodatku Sword &amp; Shield &#8211; Brilliant Stars.<\/p>\n<p>Zawarto\u015b\u0107 paczki:<\/p>\n<ul>\n<li>Ka\u017cdy booster zawiera 10 losowych kart z setu Brilliant Stars oraz kod do gry Pok\u00e9mon TCG Online.<\/li>\n<\/ul>\n","protected":false},"featured_media":85,"comment_status":"open","ping_status":"closed","template":"","meta":{"_themeisle_gutenberg_block_has_review":false},"pwb-brand":[],"product_brand":[22],"product_cat":[25,26],"product_tag":[],"class_list":{"0":"post-233","1":"product","2":"type-product","3":"status-publish","4":"has-post-thumbnail","6":"product_brand-pokemon-tcg","7":"product_cat-karcianki","8":"product_cat-pokemon-tcg","10":"first","11":"instock","12":"sold-individually","13":"taxable","14":"shipping-taxable","15":"purchasable","16":"product-type-simple"},"yoast_head":"<!-- This site is optimized with the Yoast SEO plugin v27.4 - https:\/\/yoast.com\/product\/yoast-seo-wordpress\/ -->\n<title>Brilliant Stars Booster (EN) - TCGN Store<\/title>\n<meta name=\"description\" content=\"Booster Pok\u00e9mon z dodatku Sword &amp; Shield - Brilliant Stars. Zawarto\u015b\u0107 paczki - Ka\u017cdy booster zawiera 10 losowych kart z setu Brilliant Stars.\" \/>\n<meta name=\"robots\" content=\"index, follow, max-snippet:-1, max-image-preview:large, max-video-preview:-1\" \/>\n<link rel=\"canonical\" href=\"https:\/\/tcgn.store\/?product=brilliant-stars-booster-en\" \/>\n<meta property=\"og:locale\" content=\"pl_PL\" \/>\n<meta property=\"og:type\" content=\"article\" \/>\n<meta property=\"og:title\" content=\"Brilliant Stars Booster (EN) - TCGN Store\" \/>\n<meta property=\"og:description\" content=\"Booster Pok\u00e9mon z dodatku Sword &amp; Shield - Brilliant Stars. Zawarto\u015b\u0107 paczki - Ka\u017cdy booster zawiera 10 losowych kart z setu Brilliant Stars.\" \/>\n<meta property=\"og:url\" content=\"https:\/\/tcgn.store\/?product=brilliant-stars-booster-en\" \/>\n<meta property=\"og:site_name\" content=\"TCGN Store\" \/>\n<meta property=\"article:modified_time\" content=\"2026-04-14T13:34:37+00:00\" \/>\n<meta property=\"og:image\" content=\"https:\/\/tcgn.store\/wp-content\/uploads\/2026\/01\/SS-BRS-Booster-Charizard.png\" \/>\n\t<meta property=\"og:image:width\" content=\"655\" \/>\n\t<meta property=\"og:image:height\" content=\"1200\" \/>\n\t<meta property=\"og:image:type\" content=\"image\/png\" \/>\n<meta name=\"twitter:card\" content=\"summary_large_image\" \/>\n<meta name=\"twitter:label1\" content=\"Szacowany czas czytania\" \/>\n\t<meta name=\"twitter:data1\" content=\"1 minuta\" \/>\n<script type=\"application\/ld+json\" class=\"yoast-schema-graph\">{\"@context\":\"https:\\\/\\\/schema.org\",\"@graph\":[{\"@type\":\"WebPage\",\"@id\":\"https:\\\/\\\/tcgn.store\\\/?product=brilliant-stars-booster-en\",\"url\":\"https:\\\/\\\/tcgn.store\\\/?product=brilliant-stars-booster-en\",\"name\":\"Brilliant Stars Booster (EN) - TCGN Store\",\"isPartOf\":{\"@id\":\"https:\\\/\\\/tcgn.store\\\/#website\"},\"primaryImageOfPage\":{\"@id\":\"https:\\\/\\\/tcgn.store\\\/?product=brilliant-stars-booster-en#primaryimage\"},\"image\":{\"@id\":\"https:\\\/\\\/tcgn.store\\\/?product=brilliant-stars-booster-en#primaryimage\"},\"thumbnailUrl\":\"https:\\\/\\\/tcgn.store\\\/wp-content\\\/uploads\\\/2026\\\/01\\\/SS-BRS-Booster-Charizard.png\",\"datePublished\":\"2026-03-14T13:18:10+00:00\",\"dateModified\":\"2026-04-14T13:34:37+00:00\",\"description\":\"Booster Pok\u00e9mon z dodatku Sword & Shield - Brilliant Stars. Zawarto\u015b\u0107 paczki - Ka\u017cdy booster zawiera 10 losowych kart z setu Brilliant Stars.\",\"breadcrumb\":{\"@id\":\"https:\\\/\\\/tcgn.store\\\/?product=brilliant-stars-booster-en#breadcrumb\"},\"inLanguage\":\"pl-PL\",\"potentialAction\":[{\"@type\":\"ReadAction\",\"target\":[\"https:\\\/\\\/tcgn.store\\\/?product=brilliant-stars-booster-en\"]}]},{\"@type\":\"ImageObject\",\"inLanguage\":\"pl-PL\",\"@id\":\"https:\\\/\\\/tcgn.store\\\/?product=brilliant-stars-booster-en#primaryimage\",\"url\":\"https:\\\/\\\/tcgn.store\\\/wp-content\\\/uploads\\\/2026\\\/01\\\/SS-BRS-Booster-Charizard.png\",\"contentUrl\":\"https:\\\/\\\/tcgn.store\\\/wp-content\\\/uploads\\\/2026\\\/01\\\/SS-BRS-Booster-Charizard.png\",\"width\":655,\"height\":1200},{\"@type\":\"BreadcrumbList\",\"@id\":\"https:\\\/\\\/tcgn.store\\\/?product=brilliant-stars-booster-en#breadcrumb\",\"itemListElement\":[{\"@type\":\"ListItem\",\"position\":1,\"name\":\"Strona g\u0142\u00f3wna\",\"item\":\"https:\\\/\\\/tcgn.store\\\/\"},{\"@type\":\"ListItem\",\"position\":2,\"name\":\"Sklep\",\"item\":\"https:\\\/\\\/tcgn.store\\\/?page_id=21\"},{\"@type\":\"ListItem\",\"position\":3,\"name\":\"Brilliant Stars Booster (EN)\"}]},{\"@type\":\"WebSite\",\"@id\":\"https:\\\/\\\/tcgn.store\\\/#website\",\"url\":\"https:\\\/\\\/tcgn.store\\\/\",\"name\":\"TCGN Store\",\"description\":\"Oficjalny sklep TCGN\",\"potentialAction\":[{\"@type\":\"SearchAction\",\"target\":{\"@type\":\"EntryPoint\",\"urlTemplate\":\"https:\\\/\\\/tcgn.store\\\/?s={search_term_string}\"},\"query-input\":{\"@type\":\"PropertyValueSpecification\",\"valueRequired\":true,\"valueName\":\"search_term_string\"}}],\"inLanguage\":\"pl-PL\"}]}<\/script>\n<!-- \/ Yoast SEO plugin. -->","yoast_head_json":{"title":"Brilliant Stars Booster (EN) - TCGN Store","description":"Booster Pok\u00e9mon z dodatku Sword & Shield - Brilliant Stars. Zawarto\u015b\u0107 paczki - Ka\u017cdy booster zawiera 10 losowych kart z setu Brilliant Stars.","robots":{"index":"index","follow":"follow","max-snippet":"max-snippet:-1","max-image-preview":"max-image-preview:large","max-video-preview":"max-video-preview:-1"},"canonical":"https:\/\/tcgn.store\/?product=brilliant-stars-booster-en","og_locale":"pl_PL","og_type":"article","og_title":"Brilliant Stars Booster (EN) - TCGN Store","og_description":"Booster Pok\u00e9mon z dodatku Sword & Shield - Brilliant Stars. Zawarto\u015b\u0107 paczki - Ka\u017cdy booster zawiera 10 losowych kart z setu Brilliant Stars.","og_url":"https:\/\/tcgn.store\/?product=brilliant-stars-booster-en","og_site_name":"TCGN Store","article_modified_time":"2026-04-14T13:34:37+00:00","og_image":[{"width":655,"height":1200,"url":"https:\/\/tcgn.store\/wp-content\/uploads\/2026\/01\/SS-BRS-Booster-Charizard.png","type":"image\/png"}],"twitter_card":"summary_large_image","twitter_misc":{"Szacowany czas czytania":"1 minuta"},"schema":{"@context":"https:\/\/schema.org","@graph":[{"@type":"WebPage","@id":"https:\/\/tcgn.store\/?product=brilliant-stars-booster-en","url":"https:\/\/tcgn.store\/?product=brilliant-stars-booster-en","name":"Brilliant Stars Booster (EN) - TCGN Store","isPartOf":{"@id":"https:\/\/tcgn.store\/#website"},"primaryImageOfPage":{"@id":"https:\/\/tcgn.store\/?product=brilliant-stars-booster-en#primaryimage"},"image":{"@id":"https:\/\/tcgn.store\/?product=brilliant-stars-booster-en#primaryimage"},"thumbnailUrl":"https:\/\/tcgn.store\/wp-content\/uploads\/2026\/01\/SS-BRS-Booster-Charizard.png","datePublished":"2026-03-14T13:18:10+00:00","dateModified":"2026-04-14T13:34:37+00:00","description":"Booster Pok\u00e9mon z dodatku Sword & Shield - Brilliant Stars. Zawarto\u015b\u0107 paczki - Ka\u017cdy booster zawiera 10 losowych kart z setu Brilliant Stars.","breadcrumb":{"@id":"https:\/\/tcgn.store\/?product=brilliant-stars-booster-en#breadcrumb"},"inLanguage":"pl-PL","potentialAction":[{"@type":"ReadAction","target":["https:\/\/tcgn.store\/?product=brilliant-stars-booster-en"]}]},{"@type":"ImageObject","inLanguage":"pl-PL","@id":"https:\/\/tcgn.store\/?product=brilliant-stars-booster-en#primaryimage","url":"https:\/\/tcgn.store\/wp-content\/uploads\/2026\/01\/SS-BRS-Booster-Charizard.png","contentUrl":"https:\/\/tcgn.store\/wp-content\/uploads\/2026\/01\/SS-BRS-Booster-Charizard.png","width":655,"height":1200},{"@type":"BreadcrumbList","@id":"https:\/\/tcgn.store\/?product=brilliant-stars-booster-en#breadcrumb","itemListElement":[{"@type":"ListItem","position":1,"name":"Strona g\u0142\u00f3wna","item":"https:\/\/tcgn.store\/"},{"@type":"ListItem","position":2,"name":"Sklep","item":"https:\/\/tcgn.store\/?page_id=21"},{"@type":"ListItem","position":3,"name":"Brilliant Stars Booster (EN)"}]},{"@type":"WebSite","@id":"https:\/\/tcgn.store\/#website","url":"https:\/\/tcgn.store\/","name":"TCGN Store","description":"Oficjalny sklep TCGN","potentialAction":[{"@type":"SearchAction","target":{"@type":"EntryPoint","urlTemplate":"https:\/\/tcgn.store\/?s={search_term_string}"},"query-input":{"@type":"PropertyValueSpecification","valueRequired":true,"valueName":"search_term_string"}}],"inLanguage":"pl-PL"}]}},"jetpack_sharing_enabled":true,"brands":[],"_links":{"self":[{"href":"https:\/\/tcgn.store\/index.php?rest_route=\/wp\/v2\/product\/233","targetHints":{"allow":["GET"]}}],"collection":[{"href":"https:\/\/tcgn.store\/index.php?rest_route=\/wp\/v2\/product"}],"about":[{"href":"https:\/\/tcgn.store\/index.php?rest_route=\/wp\/v2\/types\/product"}],"replies":[{"embeddable":true,"href":"https:\/\/tcgn.store\/index.php?rest_route=%2Fwp%2Fv2%2Fcomments&post=233"}],"wp:featuredmedia":[{"embeddable":true,"href":"https:\/\/tcgn.store\/index.php?rest_route=\/wp\/v2\/media\/85"}],"wp:attachment":[{"href":"https:\/\/tcgn.store\/index.php?rest_route=%2Fwp%2Fv2%2Fmedia&parent=233"}],"wp:term":[{"taxonomy":"pwb-brand","embeddable":true,"href":"https:\/\/tcgn.store\/index.php?rest_route=%2Fwp%2Fv2%2Fpwb-brand&post=233"},{"taxonomy":"product_brand","embeddable":true,"href":"https:\/\/tcgn.store\/index.php?rest_route=%2Fwp%2Fv2%2Fproduct_brand&post=233"},{"taxonomy":"product_cat","embeddable":true,"href":"https:\/\/tcgn.store\/index.php?rest_route=%2Fwp%2Fv2%2Fproduct_cat&post=233"},{"taxonomy":"product_tag","embeddable":true,"href":"https:\/\/tcgn.store\/index.php?rest_route=%2Fwp%2Fv2%2Fproduct_tag&post=233"}],"curies":[{"name":"wp","href":"https:\/\/api.w.org\/{rel}","templated":true}]}}