{"id":300,"date":"2026-03-22T16:21:46","date_gmt":"2026-03-22T16:21:46","guid":{"rendered":"https:\/\/tcgn.store\/?post_type=product&#038;p=300"},"modified":"2026-04-10T18:04:14","modified_gmt":"2026-04-10T18:04:14","slug":"naruto-tcg-konoha-shido-starter-pack","status":"publish","type":"product","link":"https:\/\/tcgn.store\/?product=naruto-tcg-konoha-shido-starter-pack","title":{"rendered":"Naruto TCG: Konoha Shido Starter Pack"},"content":{"rendered":"<h1 class=\"product_title entry-title\">Naruto TCG: Konoha Shido Starter Pack<\/h1>\n<p>Wszystko czego potrzebujesz, \u017ceby zacz\u0105\u0107 przygod\u0119!<\/p>\n<ul>\n<li>2 limitowane karty holo<\/li>\n<li>1 karta w wersji MAXI<\/li>\n<li>4 boostery<\/li>\n<li>arkusz z zasadami gry<\/li>\n<li>1 token<\/li>\n<\/ul>\n","protected":false},"excerpt":{"rendered":"<h1 class=\"product_title entry-title\">Naruto TCG: Konoha Shido Starter Pack<\/h1>\n<p>Wszystko czego potrzebujesz, \u017ceby zacz\u0105\u0107 przygod\u0119!<\/p>\n<ul>\n<li>2 limitowane karty holo<\/li>\n<li>1 karta w wersji MAXI<\/li>\n<li>4 boostery<\/li>\n<li>arkusz z zasadami gry<\/li>\n<li>1 token<\/li>\n<\/ul>\n","protected":false},"featured_media":302,"comment_status":"open","ping_status":"closed","template":"","meta":{"_themeisle_gutenberg_block_has_review":false},"pwb-brand":[],"product_brand":[87],"product_cat":[88],"product_tag":[],"class_list":{"0":"post-300","1":"product","2":"type-product","3":"status-publish","4":"has-post-thumbnail","6":"product_brand-naruto-mythos-tcg","7":"product_cat-naruto-mythos-tcg","9":"first","10":"outofstock","11":"taxable","12":"shipping-taxable","13":"purchasable","14":"product-type-simple"},"yoast_head":"<!-- This site is optimized with the Yoast SEO plugin v27.4 - https:\/\/yoast.com\/product\/yoast-seo-wordpress\/ -->\n<title>Naruto TCG: Konoha Shido Starter Pack - TCGN Store<\/title>\n<meta name=\"description\" content=\"Naruto TCG: First set Starter Pack. Wszystko czego potrzebujesz, \u017ceby zacz\u0105\u0107 przygod\u0119! 2 limitowane karty holo,1 karta w wersji MAXI...\" \/>\n<meta name=\"robots\" content=\"index, follow, max-snippet:-1, max-image-preview:large, max-video-preview:-1\" \/>\n<link rel=\"canonical\" href=\"https:\/\/tcgn.store\/?product=naruto-tcg-konoha-shido-starter-pack\" \/>\n<meta property=\"og:locale\" content=\"pl_PL\" \/>\n<meta property=\"og:type\" content=\"article\" \/>\n<meta property=\"og:title\" content=\"Naruto TCG: Konoha Shido Starter Pack - TCGN Store\" \/>\n<meta property=\"og:description\" content=\"Naruto TCG: First set Starter Pack. Wszystko czego potrzebujesz, \u017ceby zacz\u0105\u0107 przygod\u0119! 2 limitowane karty holo,1 karta w wersji MAXI...\" \/>\n<meta property=\"og:url\" content=\"https:\/\/tcgn.store\/?product=naruto-tcg-konoha-shido-starter-pack\" \/>\n<meta property=\"og:site_name\" content=\"TCGN Store\" \/>\n<meta property=\"article:modified_time\" content=\"2026-04-10T18:04:14+00:00\" \/>\n<meta property=\"og:image\" content=\"https:\/\/tcgn.store\/wp-content\/uploads\/2026\/03\/NA-001-First-set-Special-Pack-Naruto.png\" \/>\n\t<meta property=\"og:image:width\" content=\"1024\" \/>\n\t<meta property=\"og:image:height\" content=\"768\" \/>\n\t<meta property=\"og:image:type\" content=\"image\/png\" \/>\n<meta name=\"twitter:card\" content=\"summary_large_image\" \/>\n<meta name=\"twitter:label1\" content=\"Szacowany czas czytania\" \/>\n\t<meta name=\"twitter:data1\" content=\"1 minuta\" \/>\n<script type=\"application\/ld+json\" class=\"yoast-schema-graph\">{\"@context\":\"https:\\\/\\\/schema.org\",\"@graph\":[{\"@type\":\"WebPage\",\"@id\":\"https:\\\/\\\/tcgn.store\\\/?product=naruto-tcg-konoha-shido-starter-pack\",\"url\":\"https:\\\/\\\/tcgn.store\\\/?product=naruto-tcg-konoha-shido-starter-pack\",\"name\":\"Naruto TCG: Konoha Shido Starter Pack - TCGN Store\",\"isPartOf\":{\"@id\":\"https:\\\/\\\/tcgn.store\\\/#website\"},\"primaryImageOfPage\":{\"@id\":\"https:\\\/\\\/tcgn.store\\\/?product=naruto-tcg-konoha-shido-starter-pack#primaryimage\"},\"image\":{\"@id\":\"https:\\\/\\\/tcgn.store\\\/?product=naruto-tcg-konoha-shido-starter-pack#primaryimage\"},\"thumbnailUrl\":\"https:\\\/\\\/tcgn.store\\\/wp-content\\\/uploads\\\/2026\\\/03\\\/NA-001-First-set-Special-Pack-Naruto.png\",\"datePublished\":\"2026-03-22T16:21:46+00:00\",\"dateModified\":\"2026-04-10T18:04:14+00:00\",\"description\":\"Naruto TCG: First set Starter Pack. Wszystko czego potrzebujesz, \u017ceby zacz\u0105\u0107 przygod\u0119! 2 limitowane karty holo,1 karta w wersji MAXI...\",\"breadcrumb\":{\"@id\":\"https:\\\/\\\/tcgn.store\\\/?product=naruto-tcg-konoha-shido-starter-pack#breadcrumb\"},\"inLanguage\":\"pl-PL\",\"potentialAction\":[{\"@type\":\"ReadAction\",\"target\":[\"https:\\\/\\\/tcgn.store\\\/?product=naruto-tcg-konoha-shido-starter-pack\"]}]},{\"@type\":\"ImageObject\",\"inLanguage\":\"pl-PL\",\"@id\":\"https:\\\/\\\/tcgn.store\\\/?product=naruto-tcg-konoha-shido-starter-pack#primaryimage\",\"url\":\"https:\\\/\\\/tcgn.store\\\/wp-content\\\/uploads\\\/2026\\\/03\\\/NA-001-First-set-Special-Pack-Naruto.png\",\"contentUrl\":\"https:\\\/\\\/tcgn.store\\\/wp-content\\\/uploads\\\/2026\\\/03\\\/NA-001-First-set-Special-Pack-Naruto.png\",\"width\":1024,\"height\":768},{\"@type\":\"BreadcrumbList\",\"@id\":\"https:\\\/\\\/tcgn.store\\\/?product=naruto-tcg-konoha-shido-starter-pack#breadcrumb\",\"itemListElement\":[{\"@type\":\"ListItem\",\"position\":1,\"name\":\"Strona g\u0142\u00f3wna\",\"item\":\"https:\\\/\\\/tcgn.store\\\/\"},{\"@type\":\"ListItem\",\"position\":2,\"name\":\"Sklep\",\"item\":\"https:\\\/\\\/tcgn.store\\\/?page_id=21\"},{\"@type\":\"ListItem\",\"position\":3,\"name\":\"Naruto TCG: Konoha Shido Starter Pack\"}]},{\"@type\":\"WebSite\",\"@id\":\"https:\\\/\\\/tcgn.store\\\/#website\",\"url\":\"https:\\\/\\\/tcgn.store\\\/\",\"name\":\"TCGN Store\",\"description\":\"Oficjalny sklep TCGN\",\"potentialAction\":[{\"@type\":\"SearchAction\",\"target\":{\"@type\":\"EntryPoint\",\"urlTemplate\":\"https:\\\/\\\/tcgn.store\\\/?s={search_term_string}\"},\"query-input\":{\"@type\":\"PropertyValueSpecification\",\"valueRequired\":true,\"valueName\":\"search_term_string\"}}],\"inLanguage\":\"pl-PL\"}]}<\/script>\n<!-- \/ Yoast SEO plugin. -->","yoast_head_json":{"title":"Naruto TCG: Konoha Shido Starter Pack - TCGN Store","description":"Naruto TCG: First set Starter Pack. Wszystko czego potrzebujesz, \u017ceby zacz\u0105\u0107 przygod\u0119! 2 limitowane karty holo,1 karta w wersji MAXI...","robots":{"index":"index","follow":"follow","max-snippet":"max-snippet:-1","max-image-preview":"max-image-preview:large","max-video-preview":"max-video-preview:-1"},"canonical":"https:\/\/tcgn.store\/?product=naruto-tcg-konoha-shido-starter-pack","og_locale":"pl_PL","og_type":"article","og_title":"Naruto TCG: Konoha Shido Starter Pack - TCGN Store","og_description":"Naruto TCG: First set Starter Pack. Wszystko czego potrzebujesz, \u017ceby zacz\u0105\u0107 przygod\u0119! 2 limitowane karty holo,1 karta w wersji MAXI...","og_url":"https:\/\/tcgn.store\/?product=naruto-tcg-konoha-shido-starter-pack","og_site_name":"TCGN Store","article_modified_time":"2026-04-10T18:04:14+00:00","og_image":[{"width":1024,"height":768,"url":"https:\/\/tcgn.store\/wp-content\/uploads\/2026\/03\/NA-001-First-set-Special-Pack-Naruto.png","type":"image\/png"}],"twitter_card":"summary_large_image","twitter_misc":{"Szacowany czas czytania":"1 minuta"},"schema":{"@context":"https:\/\/schema.org","@graph":[{"@type":"WebPage","@id":"https:\/\/tcgn.store\/?product=naruto-tcg-konoha-shido-starter-pack","url":"https:\/\/tcgn.store\/?product=naruto-tcg-konoha-shido-starter-pack","name":"Naruto TCG: Konoha Shido Starter Pack - TCGN Store","isPartOf":{"@id":"https:\/\/tcgn.store\/#website"},"primaryImageOfPage":{"@id":"https:\/\/tcgn.store\/?product=naruto-tcg-konoha-shido-starter-pack#primaryimage"},"image":{"@id":"https:\/\/tcgn.store\/?product=naruto-tcg-konoha-shido-starter-pack#primaryimage"},"thumbnailUrl":"https:\/\/tcgn.store\/wp-content\/uploads\/2026\/03\/NA-001-First-set-Special-Pack-Naruto.png","datePublished":"2026-03-22T16:21:46+00:00","dateModified":"2026-04-10T18:04:14+00:00","description":"Naruto TCG: First set Starter Pack. Wszystko czego potrzebujesz, \u017ceby zacz\u0105\u0107 przygod\u0119! 2 limitowane karty holo,1 karta w wersji MAXI...","breadcrumb":{"@id":"https:\/\/tcgn.store\/?product=naruto-tcg-konoha-shido-starter-pack#breadcrumb"},"inLanguage":"pl-PL","potentialAction":[{"@type":"ReadAction","target":["https:\/\/tcgn.store\/?product=naruto-tcg-konoha-shido-starter-pack"]}]},{"@type":"ImageObject","inLanguage":"pl-PL","@id":"https:\/\/tcgn.store\/?product=naruto-tcg-konoha-shido-starter-pack#primaryimage","url":"https:\/\/tcgn.store\/wp-content\/uploads\/2026\/03\/NA-001-First-set-Special-Pack-Naruto.png","contentUrl":"https:\/\/tcgn.store\/wp-content\/uploads\/2026\/03\/NA-001-First-set-Special-Pack-Naruto.png","width":1024,"height":768},{"@type":"BreadcrumbList","@id":"https:\/\/tcgn.store\/?product=naruto-tcg-konoha-shido-starter-pack#breadcrumb","itemListElement":[{"@type":"ListItem","position":1,"name":"Strona g\u0142\u00f3wna","item":"https:\/\/tcgn.store\/"},{"@type":"ListItem","position":2,"name":"Sklep","item":"https:\/\/tcgn.store\/?page_id=21"},{"@type":"ListItem","position":3,"name":"Naruto TCG: Konoha Shido Starter Pack"}]},{"@type":"WebSite","@id":"https:\/\/tcgn.store\/#website","url":"https:\/\/tcgn.store\/","name":"TCGN Store","description":"Oficjalny sklep TCGN","potentialAction":[{"@type":"SearchAction","target":{"@type":"EntryPoint","urlTemplate":"https:\/\/tcgn.store\/?s={search_term_string}"},"query-input":{"@type":"PropertyValueSpecification","valueRequired":true,"valueName":"search_term_string"}}],"inLanguage":"pl-PL"}]}},"jetpack_sharing_enabled":true,"brands":[],"_links":{"self":[{"href":"https:\/\/tcgn.store\/index.php?rest_route=\/wp\/v2\/product\/300","targetHints":{"allow":["GET"]}}],"collection":[{"href":"https:\/\/tcgn.store\/index.php?rest_route=\/wp\/v2\/product"}],"about":[{"href":"https:\/\/tcgn.store\/index.php?rest_route=\/wp\/v2\/types\/product"}],"replies":[{"embeddable":true,"href":"https:\/\/tcgn.store\/index.php?rest_route=%2Fwp%2Fv2%2Fcomments&post=300"}],"wp:featuredmedia":[{"embeddable":true,"href":"https:\/\/tcgn.store\/index.php?rest_route=\/wp\/v2\/media\/302"}],"wp:attachment":[{"href":"https:\/\/tcgn.store\/index.php?rest_route=%2Fwp%2Fv2%2Fmedia&parent=300"}],"wp:term":[{"taxonomy":"pwb-brand","embeddable":true,"href":"https:\/\/tcgn.store\/index.php?rest_route=%2Fwp%2Fv2%2Fpwb-brand&post=300"},{"taxonomy":"product_brand","embeddable":true,"href":"https:\/\/tcgn.store\/index.php?rest_route=%2Fwp%2Fv2%2Fproduct_brand&post=300"},{"taxonomy":"product_cat","embeddable":true,"href":"https:\/\/tcgn.store\/index.php?rest_route=%2Fwp%2Fv2%2Fproduct_cat&post=300"},{"taxonomy":"product_tag","embeddable":true,"href":"https:\/\/tcgn.store\/index.php?rest_route=%2Fwp%2Fv2%2Fproduct_tag&post=300"}],"curies":[{"name":"wp","href":"https:\/\/api.w.org\/{rel}","templated":true}]}}